multiple of 10?
True
Is 1892 a multiple of 8?
False
Does 7 divide 2016?
True
Is 9519 a multiple of 19?
True
Is 13896 a multiple of 8?
True
Is 18 a factor of 107854?
False
Does 131 divide 3494?
False
Is 13460 a multiple of 5?
True
Is 12 a factor of 1764?
True
Does 53 divide 12927?
False
Is 124 a factor of 14243?
False
Is 19219 a multiple of 43?
False
Does 11 divide 78105?
False
Is 392 a multiple of 98?
True
Is 24 a factor of 408?
True
Is 12 a factor of 55?
False
Does 18 divide 6693?
False
Does 45 divide 15930?
True
Is 22632 a multiple of 46?
True
Is 1210 a multiple of 22?
True
Does 48 divide 1238?
False
Is 44184 a multiple of 10?
False
Is 7014 a multiple of 14?
True
Is 1335 a multiple of 31?
False
Is 8 a factor of 1528?
True
Does 9 divide 15095?
False
Is 37 a factor of 1040?
False
Is 32 a factor of 357?
False
Does 17 divide 5457?
True
Is 19 a factor of 360?
False
Is 32 a factor of 384?
True
Is 18 a factor of 2512?
False
Does 13 divide 55224?
True
Is 42480 a multiple of 10?
True
Is 41 a factor of 4026?
False
Is 4708 a multiple of 107?
True
Is 17626 a multiple of 7?
True
Is 136850 a multiple of 350?
True
Is 10586 a multiple of 43?
False
Is 71 a factor of 17490?
False
Does 55 divide 5596?
False
Is 7 a factor of 420?
True
Is 26645 a multiple of 73?
True
Is 18 a factor of 1151?
False
Is 10614 a multiple of 206?
False
Does 3 divide 126?
True
Does 6 divide 3006?
True
Is 13 a factor of 112512?
False
Is 8 a factor of 9874?
False
Does 136 divide 952?
True
Is 2 a factor of 28?
True
Is 4137 a multiple of 17?
False
Is 7500 a multiple of 6?
True
Does 86 divide 2236?
True
Does 22 divide 282?
False
Does 95 divide 665?
True
Does 42 divide 588?
True
Does 15 divide 36980?
False
Does 46 divide 3745?
False
Does 279 divide 50121?
False
Is 955 a multiple of 29?
False
Is 6 a factor of 462?
True
Is 8 a factor of 4334?
False
Does 40 divide 120?
True
Does 19 divide 7581?
True
Is 126424 a multiple of 21?
False
Is 17 a factor of 1615?
True
Is 192 a factor of 7872?
True
Is 61 a factor of 4575?
True
Is 50692 a multiple of 58?
True
Is 2848 a multiple of 18?
False
Is 28 a factor of 1512?
True
Is 9 a factor of 11091?
False
Is 360 a multiple of 15?
True
Is 11 a factor of 1397?
True
Does 13 divide 2444?
True
Is 5876 a multiple of 113?
True
Does 11 divide 1091?
False
Does 14 divide 15683?
False
Does 19 divide 741?
True
Does 16 divide 91?
False
Does 152 divide 8512?
True
Does 55 divide 31446?
False
Is 3 a factor of 51?
True
Is 425 a multiple of 17?
True
Is 1101 a multiple of 13?
False
Does 107 divide 18297?
True
Is 29 a factor of 16530?
True
Does 28 divide 18816?
True
Is 123 a factor of 1968?
True
Does 60 divide 960?
True
Is 3924 a multiple of 9?
True
Is 55 a factor of 3575?
True
Is 3 a factor of 104?
False
Is 47 a factor of 141?
True
Does 10 divide 15790?
True
Is 468 a multiple of 52?
True
Does 20 divide 667?
False
Does 52 divide 2444?
True
Does 27 divide 4605?
False
Is 12868 a multiple of 41?
False
Does 33 divide 369?
False
Is 38 a multiple of 3?
False
Is 1221 a multiple of 120?
False
Is 4218 a multiple of 57?
True
Is 27 a factor of 4200?
False
Is 1075 a multiple of 16?
False
Does 12 divide 1594?
False
Does 21 divide 1617?
True
Is 44 a multiple of 13?
False
Is 5766 a multiple of 62?
True
Does 30 divide 1715?
False
Does 67 divide 22236?
False
Does 19 divide 19494?
True
Is 3 a factor of 296?
False
Does 2 divide 805?
False
Does 202 divide 23028?
True
Does 29 divide 377?
True
Is 30 a factor of 6257?
False
Is 4347 a multiple of 161?
True
Is 42 a factor of 1008?
True
Does 32 divide 608?
True
Does 6 divide 1297?
False
Is 16 a factor of 336?
True
Is 3372 a multiple of 11?
False
Is 4 a factor of 62?
False
Is 905 a multiple of 14?
False
Does 27 divide 5535?
True
Is 60 a factor of 4482?
False
Does 32 divide 992?
True
Is 55 a multiple of 55?
True
Is 1893 a multiple of 38?
False
Is 52822 a multiple of 15?
False
Does 11 divide 528?
True
Does 22 divide 6732?
True
Does 177 divide 13452?
True
Is 7 a factor of 127?
False
Does 12 divide 240?
True
Is 55 a multiple of 11?
True
Does 48 divide 5328?
True
Does 8 divide 11277?
False
Is 7 a factor of 525?
True
Is 40 a factor of 1560?
True
Is 3304 a multiple of 7?
True
Does 9 divide 1137?
False
Is 59 a factor of 1590?
False
Does 35 divide 29505?
True
Is 27 a factor of 1458?
True
Does 11 divide 583?
True
Is 35 a factor of 5333?
False
Is 10941 a multiple of 9?
False
Is 49 a factor of 553?
False
Is 2809 a multiple of 14?
False
Does 61 divide 102724?
True
Is 2548 a multiple of 28?
True
Does 15 divide 20625?
True
Is 4 a factor of 245?
False
Is 22 a factor of 59897?
False
Is 26 a factor of 681?
False
Is 40 a multiple of 10?
True
Does 8 divide 200?
True
Does 41 divide 765?
False
Is 494 a multiple of 9?
False
Is 8 a factor of 808?
True
Is 359 a multiple of 61?
False
Is 10 a factor of 11789?
False
Is 5 a factor of 1226?
False
Is 19193 a multiple of 65?
False
Is 5 a factor of 295?
True
Is 5169 a multiple of 22?
False
Does 101 divide 21917?
True
Is 5736 a multiple of 61?
False
Is 1658 a multiple of 9?
False
Does 2 divide 52?
True
Is 145 a factor of 580?
True
Does 10 divide 16347?
False
Is 43 a factor of 602?
True
Does 26 divide 2309?
False
Is 9495 a multiple of 15?
True
Is 75427 a multiple of 202?
False
Is 4691 a multiple of 78?
False
Is 8 a factor of 10913?
False
Is 1354 a multiple of 15?
False
Is 4 a factor of 25?
False
Is 50 a factor of 2025?
False
Is 155 a multiple of 5?
True
Is 6 a factor of 4206?
True
Does 14 divide 212?
False
Is 10239 a multiple of 14?
False
Does 4 divide 4?
True
Is 40 a factor of 200?
True
Does 102 divide 1653?
False
Is 8 a factor of 7614?
False
Is 63 a factor of 2295?
False
Does 13 divide 565?
False
Is 2328 a multiple of 24?
True
Is 34 a factor of 1836?
True
Is 21 a factor of 3657?
False
Is 12 a factor of 2328?
True
Is 150492 a multiple of 455?
False
Is 5 a factor of 1545?
True
Is 171 a factor of 1220?
False
Is 45 a factor of 9629?
False
Is 668 a multiple of 20?
False
Is 10815 a multiple of 24?
False
Is 125 a factor of 19875?
True
Is 56024 a multiple of 8?
True
Is 573 a multiple of 3?
True
Does 28 divide 16044?
True
Does 24 divide 552?
True
Is 4032 a multiple of 72?
True
Is 4 a factor of 5584?
True
Is 15 a factor of 572?
False
Does 94 divide 282?
True
Is 2326 a multiple of 6?
False
Does 11 divide 3718?
True
Is 51 a factor of 1214?
False
Is 42 a factor of 15750?
True
Is 3482 a multiple of 7?
False
Does 27 divide 2049?
False
Is 625 a multiple of 13?
False
Does 8 divide 425?
False
Does 84 divide 10164?
True
Is 1011 a multiple of 86?
False
Does 100 divide 500?
True
Is 16 a factor of 4192?
True
Is 29896 a multiple of 37?
True
Is 10 a factor of 600?
True
Is 19 a multiple of 6?
False
Does 3 divide 358?
False
Does 71 divide 6390?
True
Is 19096 a multiple of 56?
True
Does 76 divide 13224?
True
Is 482 a multiple of 96?
False
Does 24 divide 47587?
False
Is 19 a factor of 1708?
False
Does 41 divide 20418?
True
Is 185 a multiple of 2?
False
Is 9 a factor of 55980?
True
Is 17 a factor of 10047?
True
Is 1574 a multiple of 37?
False
Does 6 divide 539?
False
Is 2016 a multiple of 14?
True
Is 3 a factor of 7751?
False
Is 41 a factor of 7642?
False
Does 48 divide 104?
False
Does 64 divide 2432?
True
Is 17 a factor of 15283?
True
Is 13676 a multiple of 26?
True
Is 177 even?
False
Is 3 a factor of 235?
False
Does 12 divide 660?
True
Is 910 a multiple of 91?
True
Is 6 a factor of 1946?
False
Is 26422 a multiple of 28?
False
Does 19 divide 16777?
True
Is 8976 a multiple of 136?
True
Does 3 divide 53?
False
Does 57 divide 9939?
False
Is 1512 a multiple of 72?
True
Is 2373 a multiple of 5?
False
Does 211 divide 19232?
False
Is 29 a factor of 1411?
False
Is 20 a factor of 635?
False
Is 26 a factor of 96824?
True
Is 1511 a multiple of 44?
False
Is 50808 a multiple of 116?
True
Is 11899 a multiple of 63?
False
Is 6066 a multiple of 7?
False
Does 4 divide 25664?
True
Is 12236 a multiple of 46?
True
Is 67 a factor of 1742?
True
Does 4 divide 1823?
False
Is 2964 a multiple of 31?
False
Does 10 divide 804?
False
Does 10 divide 2062?
False
Does 20 divide 1496?
False
Is 455 a multiple of 14?
False
Is 6050 a multiple of 17?
False
Is 49266 a multiple of 9?
True
Does 4 divide 4376?
True
Is 16 a factor of 1046?
False
Is 6401 a multiple of 148?
False
Is 11 a multiple of 11?
